{"id":17,"date":"2020-11-25T15:24:16","date_gmt":"2020-11-25T14:24:16","guid":{"rendered":"http:\/\/antidotejeux.fr\/?page_id=17"},"modified":"2024-10-30T10:37:35","modified_gmt":"2024-10-30T09:37:35","slug":"prix-et-conditions-de-la-location","status":"publish","type":"page","link":"https:\/\/antidotejeux.fr\/index.php\/prix-et-conditions-de-la-location\/","title":{"rendered":"Prix et conditions de la location"},"content":{"rendered":"\n<p class=\"has-text-color has-background\" style=\"color:#1e3d59;background-color:#f5f0e1\">Voici les tarifs et conditions de la location de jeux<\/p>\n\n\n\n<figure class=\"wp-block-table\"><table><tbody><tr><td>Location pour 7 jours<\/td><td>3 euros<\/td><\/tr><tr><td>Location pour 15 jours<\/td><td>5 euros<\/td><\/tr><tr><td>Location pour 1 mois<\/td><td>10 euros<\/td><\/tr><tr><td>Autre dur\u00e9e<\/td><td>nous contacter<\/td><\/tr><\/tbody><\/table><figcaption><div id=\"grammalecte_menu12_shadow\" style=\"display: none; position: absolute; width: 0px; height: 0px; margin-top: 8px;\"><div style=\"display: none; position: absolute; width: 0px; height: 0px; margin-top: 0px;\"><\/figcaption><\/figure>\n\n\n\n<h5 class=\"has-background wp-block-heading\" style=\"background-color:#ffc13b\"><mark style=\"background-color:rgba(0, 0, 0, 0);color:#1e3d59\" class=\"has-inline-color\">Pour chaque location, un \u00ab\u00a0petit\u00a0\u00bb jeu en plus vous sera propos\u00e9 gratuitement pour vous donner l&rsquo;occasion d&rsquo;en d\u00e9couvrir un autre<\/mark><\/h5>\n\n\n\n<p><\/p>\n\n\n\n<p>Si le jeu est perdu ou grandement abim\u00e9 (au point qu&rsquo;il n&rsquo;est plus possible d&rsquo;y jouer): vous devrez payer un d\u00e9dommagement de 50% de sa valeur neuve.<\/p>\n\n\n\n<p>Si le jeu est abim\u00e9 mais qu&rsquo;il est toujours possible d&rsquo;y jouer, ou que la bo\u00eete est fortement ab\u00eem\u00e9e: vous devrez payer une d\u00e9dommagement de 20% de sa valeur. <\/p>\n\n\n<hr \/>\n<p>Les jeux sont \u00e0 r\u00e9cup\u00e9rer \u00e0 Lambesc (dans le village) \u00e0 la date et l&rsquo;heure qui vous convient. L&rsquo;adresse vous sera transmise lors de votre location. <br \/>Le paiement se fait au moment o\u00f9 vous venez chercher le jeu. Il peut se faire par ch\u00e8que, en liquide ou via l&rsquo;application Lydia.<\/p>","protected":false},"excerpt":{"rendered":"<p>Voici les tarifs et conditions de la location de jeux Location pour 7 jours 3 euros Location pour 15 jours 5 euros Location pour 1 mois 10 euros Autre dur\u00e9e nous contacter Pour chaque location, un \u00ab\u00a0petit\u00a0\u00bb jeu en plus<\/p>\n","protected":false},"author":1,"featured_media":0,"parent":0,"menu_order":0,"comment_status":"closed","ping_status":"closed","template":"","meta":{"footnotes":""},"class_list":["post-17","page","type-page","status-publish","hentry"],"_links":{"self":[{"href":"https:\/\/antidotejeux.fr\/index.php\/wp-json\/wp\/v2\/pages\/17","targetHints":{"allow":["GET"]}}],"collection":[{"href":"https:\/\/antidotejeux.fr\/index.php\/wp-json\/wp\/v2\/pages"}],"about":[{"href":"https:\/\/antidotejeux.fr\/index.php\/wp-json\/wp\/v2\/types\/page"}],"author":[{"embeddable":true,"href":"https:\/\/antidotejeux.fr\/index.php\/wp-json\/wp\/v2\/users\/1"}],"replies":[{"embeddable":true,"href":"https:\/\/antidotejeux.fr\/index.php\/wp-json\/wp\/v2\/comments?post=17"}],"version-history":[{"count":10,"href":"https:\/\/antidotejeux.fr\/index.php\/wp-json\/wp\/v2\/pages\/17\/revisions"}],"predecessor-version":[{"id":1044,"href":"https:\/\/antidotejeux.fr\/index.php\/wp-json\/wp\/v2\/pages\/17\/revisions\/1044"}],"wp:attachment":[{"href":"https:\/\/antidotejeux.fr\/index.php\/wp-json\/wp\/v2\/media?parent=17"}],"curies":[{"name":"wp","href":"https:\/\/api.w.org\/{rel}","templated":true}]}}