{"id":545,"date":"2020-11-27T16:43:01","date_gmt":"2020-11-27T15:43:01","guid":{"rendered":"http:\/\/antidotejeux.fr\/?page_id=545"},"modified":"2020-12-04T07:47:37","modified_gmt":"2020-12-04T06:47:37","slug":"the-mind","status":"publish","type":"page","link":"https:\/\/antidotejeux.fr\/index.php\/coop-escape-game\/the-mind\/","title":{"rendered":"The mind"},"content":{"rendered":"\n<p class=\"has-text-color\" id=\"mind\" style=\"color:#1e3d59\">Avec the mind vous jouez tous ensemble contre le jeu, mais attention vous ne devez pas parler ! Vous devez compl\u00e9ter une suite de chiffre mais chaque joueur conna\u00eet uniquement ses cartes et doit donc deviner si les autres joueurs ont une carte plus basse que la sienne ou s&rsquo;il peut la jouer.<\/p>\n\n\n\n<p class=\"has-text-color\" style=\"color:#1e3d59\">Une m\u00e9canique de jeu originale pour ce tr\u00e8s bon jeu, qui a gagn\u00e9 un As d&rsquo;Or au Festival International du Jeu de Cannes (l&rsquo;\u00e9quivalent d&rsquo;un Oscar, et une garantie qu&rsquo;il s&rsquo;agit l\u00e0 d&rsquo;un des meilleurs jeux de 2019).<\/p>\n\n\n\n<figure class=\"wp-block-table\"><table class=\"has-subtle-light-gray-background-color has-background\"><tbody><tr><td>Age<\/td><td>A partir de 8 ans<\/td><\/tr><tr><td>Nombre de joueurs<\/td><td>De 2 \u00e0 4 joueurs<\/td><\/tr><tr><td>Dur\u00e9e d&rsquo;une partie<\/td><td>15 minutes<\/td><\/tr><\/tbody><\/table><\/figure>\n\n\n\n<div class=\"wp-block-buttons is-layout-flex wp-block-buttons-is-layout-flex\">\n<div class=\"wp-block-button is-style-outline is-style-outline--1\"><a class=\"wp-block-button__link has-text-color has-background\" href=\"https:\/\/antidotejeux.fr\/index.php\/demande-de-location\/#loc\" style=\"background-color:#ffc13b;color:#1e3d59\" target=\"_blank\" rel=\"noreferrer noopener\">Louer<\/a><\/div>\n<\/div>\n\n\n\n<div class=\"wp-block-image\"><figure class=\"aligncenter size-large\"><img loading=\"lazy\" decoding=\"async\" width=\"300\" height=\"200\" src=\"https:\/\/antidotejeux.fr\/wp-content\/uploads\/2020\/11\/the-mind-small.jpg\" alt=\"\" class=\"wp-image-510\"\/><\/figure><\/div>\n","protected":false},"excerpt":{"rendered":"<p>Avec the mind vous jouez tous ensemble contre le jeu, mais attention vous ne devez pas parler ! Vous devez compl\u00e9ter une suite de chiffre mais chaque joueur conna\u00eet uniquement ses cartes et doit donc deviner si les autres joueurs<\/p>\n","protected":false},"author":1,"featured_media":0,"parent":89,"menu_order":0,"comment_status":"closed","ping_status":"closed","template":"","meta":{"footnotes":""},"class_list":["post-545","page","type-page","status-publish","hentry"],"_links":{"self":[{"href":"https:\/\/antidotejeux.fr\/index.php\/wp-json\/wp\/v2\/pages\/545","targetHints":{"allow":["GET"]}}],"collection":[{"href":"https:\/\/antidotejeux.fr\/index.php\/wp-json\/wp\/v2\/pages"}],"about":[{"href":"https:\/\/antidotejeux.fr\/index.php\/wp-json\/wp\/v2\/types\/page"}],"author":[{"embeddable":true,"href":"https:\/\/antidotejeux.fr\/index.php\/wp-json\/wp\/v2\/users\/1"}],"replies":[{"embeddable":true,"href":"https:\/\/antidotejeux.fr\/index.php\/wp-json\/wp\/v2\/comments?post=545"}],"version-history":[{"count":6,"href":"https:\/\/antidotejeux.fr\/index.php\/wp-json\/wp\/v2\/pages\/545\/revisions"}],"predecessor-version":[{"id":746,"href":"https:\/\/antidotejeux.fr\/index.php\/wp-json\/wp\/v2\/pages\/545\/revisions\/746"}],"up":[{"embeddable":true,"href":"https:\/\/antidotejeux.fr\/index.php\/wp-json\/wp\/v2\/pages\/89"}],"wp:attachment":[{"href":"https:\/\/antidotejeux.fr\/index.php\/wp-json\/wp\/v2\/media?parent=545"}],"curies":[{"name":"wp","href":"https:\/\/api.w.org\/{rel}","templated":true}]}}