{"id":559,"date":"2020-11-27T16:51:40","date_gmt":"2020-11-27T15:51:40","guid":{"rendered":"http:\/\/antidotejeux.fr\/?page_id=559"},"modified":"2020-12-04T08:27:57","modified_gmt":"2020-12-04T07:27:57","slug":"minivilles","status":"publish","type":"page","link":"https:\/\/antidotejeux.fr\/index.php\/nice-support\/minivilles\/","title":{"rendered":"Minivilles"},"content":{"rendered":"\n<p class=\"has-text-color\" id=\"minivilles\" style=\"color:#1e3d59\">Minivilles est une sorte de Sim city dans lequel vous devez construire une ville. Vous pouvez construire diff\u00e9rents b\u00e2timents (une boulangerie, une fromagerie, un stade&#8230;il y en a pour tous les go\u00fbts) et il y a \u00e9galement 4 b\u00e2timents majeurs: les monuments. Le premier \u00e0 construire les 4 monuments majeurs a gagn\u00e9!<\/p>\n\n\n\n<p class=\"has-text-color\" style=\"color:#1e3d59\">Pour construire les b\u00e2timents, il faut de l&rsquo;argent.  A son tour, chaque joueur lance le ou les d\u00e9s et si vous poss\u00e9dez une carte avec le r\u00e9sultat des d\u00e9s alors vous gagnez de l&rsquo;argent! <br>Il faut faire preuve de strat\u00e9gie pour acheter des bonnes cartes et avoir un peu de chance pour qu&rsquo;elles vous rapportent de l&rsquo;argent.<\/p>\n\n\n\n<p class=\"has-text-color\" style=\"color:#1e3d59\">Un jeu pour tous les \u00e2ges qui plaira \u00e0 coup s\u00fbr! Il a d&rsquo;ailleurs remport\u00e9 de nombreux prix lors de sa sortie (finaliste du jeu de l&rsquo;ann\u00e9e en France, prix des ludoth\u00e9caires en Belgique&#8230;)<\/p>\n\n\n\n<figure class=\"wp-block-table\"><table class=\"has-subtle-light-gray-background-color has-background\"><tbody><tr><td>Age<\/td><td>A partir de 7 ans<\/td><\/tr><tr><td>Nombre de joueurs<\/td><td>De 2 \u00e0 4 joueurs<\/td><\/tr><tr><td>Dur\u00e9e d&rsquo;une partie<\/td><td>30 minutes<\/td><\/tr><\/tbody><\/table><\/figure>\n\n\n\n<div class=\"wp-block-buttons is-layout-flex wp-block-buttons-is-layout-flex\">\n<div class=\"wp-block-button is-style-outline is-style-outline--1\"><a class=\"wp-block-button__link has-text-color has-background\" href=\"https:\/\/antidotejeux.fr\/index.php\/demande-de-location\/#loc\" style=\"background-color:#ffc13b;color:#1e3d59\" target=\"_blank\" rel=\"noreferrer noopener\">Louer<\/a><\/div>\n<\/div>\n\n\n","protected":false},"excerpt":{"rendered":"<p>Minivilles est une sorte de Sim city dans lequel vous devez construire une ville. Vous pouvez construire diff\u00e9rents b\u00e2timents (une boulangerie, une fromagerie, un stade&#8230;il y en a pour tous les go\u00fbts) et il y a \u00e9galement 4 b\u00e2timents majeurs:<\/p>\n","protected":false},"author":1,"featured_media":0,"parent":267,"menu_order":0,"comment_status":"closed","ping_status":"closed","template":"","meta":{"footnotes":""},"class_list":["post-559","page","type-page","status-publish","hentry"],"_links":{"self":[{"href":"https:\/\/antidotejeux.fr\/index.php\/wp-json\/wp\/v2\/pages\/559","targetHints":{"allow":["GET"]}}],"collection":[{"href":"https:\/\/antidotejeux.fr\/index.php\/wp-json\/wp\/v2\/pages"}],"about":[{"href":"https:\/\/antidotejeux.fr\/index.php\/wp-json\/wp\/v2\/types\/page"}],"author":[{"embeddable":true,"href":"https:\/\/antidotejeux.fr\/index.php\/wp-json\/wp\/v2\/users\/1"}],"replies":[{"embeddable":true,"href":"https:\/\/antidotejeux.fr\/index.php\/wp-json\/wp\/v2\/comments?post=559"}],"version-history":[{"count":8,"href":"https:\/\/antidotejeux.fr\/index.php\/wp-json\/wp\/v2\/pages\/559\/revisions"}],"predecessor-version":[{"id":776,"href":"https:\/\/antidotejeux.fr\/index.php\/wp-json\/wp\/v2\/pages\/559\/revisions\/776"}],"up":[{"embeddable":true,"href":"https:\/\/antidotejeux.fr\/index.php\/wp-json\/wp\/v2\/pages\/267"}],"wp:attachment":[{"href":"https:\/\/antidotejeux.fr\/index.php\/wp-json\/wp\/v2\/media?parent=559"}],"curies":[{"name":"wp","href":"https:\/\/api.w.org\/{rel}","templated":true}]}}