{"id":561,"date":"2020-11-27T16:52:31","date_gmt":"2020-11-27T15:52:31","guid":{"rendered":"http:\/\/antidotejeux.fr\/?page_id=561"},"modified":"2020-11-30T16:05:40","modified_gmt":"2020-11-30T15:05:40","slug":"the-island","status":"publish","type":"page","link":"https:\/\/antidotejeux.fr\/index.php\/nice-support\/the-island\/","title":{"rendered":"The island"},"content":{"rendered":"\n<p class=\"has-text-color\" id=\"island\" style=\"color:#1e3d59\">Une \u00eele au milieu de l&rsquo;oc\u00e9an qui commence \u00e0 couler, vous devez mettre vos explorateurs \u00e0 l&rsquo;abri. Vous pouvez les faire embarquer sur une barque, les faire nager (en \u00e9vitant les requins et autres monstres marins).  Vous aurez l&rsquo;occasion de prendre le contr\u00f4le de requins, baleines et autres monstres pour faire couler les bateaux adverses et pourquoi pas d\u00e9vorer un explorateur imprudent. <\/p>\n\n\n\n<p class=\"has-text-color\" style=\"color:#1e3d59\">Un bon jeu plein de suspence et de rebondissements ! <\/p>\n\n\n\n<p><\/p>\n\n\n\n<figure class=\"wp-block-table\"><table class=\"has-subtle-light-gray-background-color has-background\"><tbody><tr><td>Age<\/td><td>A partir de 8 ans<\/td><\/tr><tr><td>Nombre de joueurs<\/td><td>De 2 \u00e0 4 joueurs<\/td><\/tr><tr><td>Dur\u00e9e d&rsquo;une partie<\/td><td>45 minutes<\/td><\/tr><\/tbody><\/table><\/figure>\n\n\n\n<div class=\"wp-block-buttons is-layout-flex wp-block-buttons-is-layout-flex\">\n<div class=\"wp-block-button is-style-outline is-style-outline--1\"><a class=\"wp-block-button__link has-text-color has-background\" href=\"https:\/\/antidotejeux.fr\/index.php\/demande-de-location\/#loc\" style=\"background-color:#ffc13b;color:#1e3d59\" target=\"_blank\" rel=\"noreferrer noopener\">Louer<\/a><\/div>\n<\/div>\n\n\n\n<div class=\"wp-block-image\"><figure class=\"aligncenter size-large\"><img loading=\"lazy\" decoding=\"async\" width=\"768\" height=\"512\" src=\"https:\/\/antidotejeux.fr\/wp-content\/uploads\/2020\/11\/island.jpg\" alt=\"\" class=\"wp-image-686\" srcset=\"https:\/\/antidotejeux.fr\/wp-content\/uploads\/2020\/11\/island.jpg 768w, https:\/\/antidotejeux.fr\/wp-content\/uploads\/2020\/11\/island-300x200.jpg 300w\" sizes=\"auto, (max-width: 768px) 100vw, 768px\" \/><\/figure><\/div>\n","protected":false},"excerpt":{"rendered":"<p>Une \u00eele au milieu de l&rsquo;oc\u00e9an qui commence \u00e0 couler, vous devez mettre vos explorateurs \u00e0 l&rsquo;abri. Vous pouvez les faire embarquer sur une barque, les faire nager (en \u00e9vitant les requins et autres monstres marins). Vous aurez l&rsquo;occasion de<\/p>\n","protected":false},"author":1,"featured_media":0,"parent":267,"menu_order":0,"comment_status":"closed","ping_status":"closed","template":"","meta":{"footnotes":""},"class_list":["post-561","page","type-page","status-publish","hentry"],"_links":{"self":[{"href":"https:\/\/antidotejeux.fr\/index.php\/wp-json\/wp\/v2\/pages\/561","targetHints":{"allow":["GET"]}}],"collection":[{"href":"https:\/\/antidotejeux.fr\/index.php\/wp-json\/wp\/v2\/pages"}],"about":[{"href":"https:\/\/antidotejeux.fr\/index.php\/wp-json\/wp\/v2\/types\/page"}],"author":[{"embeddable":true,"href":"https:\/\/antidotejeux.fr\/index.php\/wp-json\/wp\/v2\/users\/1"}],"replies":[{"embeddable":true,"href":"https:\/\/antidotejeux.fr\/index.php\/wp-json\/wp\/v2\/comments?post=561"}],"version-history":[{"count":7,"href":"https:\/\/antidotejeux.fr\/index.php\/wp-json\/wp\/v2\/pages\/561\/revisions"}],"predecessor-version":[{"id":714,"href":"https:\/\/antidotejeux.fr\/index.php\/wp-json\/wp\/v2\/pages\/561\/revisions\/714"}],"up":[{"embeddable":true,"href":"https:\/\/antidotejeux.fr\/index.php\/wp-json\/wp\/v2\/pages\/267"}],"wp:attachment":[{"href":"https:\/\/antidotejeux.fr\/index.php\/wp-json\/wp\/v2\/media?parent=561"}],"curies":[{"name":"wp","href":"https:\/\/api.w.org\/{rel}","templated":true}]}}