{"id":89,"date":"2014-05-31T13:03:38","date_gmt":"2014-05-31T13:03:38","guid":{"rendered":"http:\/\/demo.themegrill.com\/accelerate\/?page_id=89"},"modified":"2021-01-18T12:07:53","modified_gmt":"2021-01-18T11:07:53","slug":"coop-escape-game","status":"publish","type":"page","link":"https:\/\/antidotejeux.fr\/index.php\/coop-escape-game\/","title":{"rendered":"Jeux de coop\u00e9ration et escape game"},"content":{"rendered":"\n<p class=\"has-text-color\" id=\"coop\" style=\"color:#1e3d59\">Il existe des jeux de coop\u00e9ration o\u00f9 on ne joue pas les uns contre les autres mais ensemble, en voici quelques-uns. <br>Il est \u00e9galement possible de faire un escape game \u00e0 la maison gr\u00e2ce aux jeux Unlock (3 sc\u00e9narios sont disponibles \u00e0 la location).<\/p>\n\n\n\n<p><br>Cliquez sur chacun des jeux pour en savoir plus. Pour le louer, cliquez sur le bouton location; vous pourrez alors remplir un formulaire indiquant le nom du jeu, la date \u00e0 laquelle vous souhaitez le louer et la dur\u00e9e. Vous recevrez une r\u00e9ponse rapide.<\/p>\n\n\n\n<p class=\"has-text-color has-background\" style=\"background-color:#ffc13b;color:#1e3d59\">De nouveaux jeux vont \u00eatre tr\u00e8s prochainement rajout\u00e9s \u00e0 cette s\u00e9lection: Magic Maze, Mysterium, Sherlock&#8230;<\/p>\n\n\n\n<div class=\"wp-block-media-text alignwide is-stacked-on-mobile\"><figure class=\"wp-block-media-text__media\"><a href=\"https:\/\/antidotejeux.fr\/index.php\/coop-escape-game\/galerapagos-2\/#galerapagos\"><img loading=\"lazy\" decoding=\"async\" width=\"768\" height=\"512\" src=\"https:\/\/antidotejeux.fr\/wp-content\/uploads\/2020\/11\/galerapagos.jpg\" alt=\"\" class=\"wp-image-514\" srcset=\"https:\/\/antidotejeux.fr\/wp-content\/uploads\/2020\/11\/galerapagos.jpg 768w, https:\/\/antidotejeux.fr\/wp-content\/uploads\/2020\/11\/galerapagos-300x200.jpg 300w\" sizes=\"auto, (max-width: 768px) 100vw, 768px\" \/><\/a><\/figure><div class=\"wp-block-media-text__content\">\n<p class=\"has-text-color has-large-font-size\" style=\"color:#1e3d59\"><a href=\"https:\/\/antidotejeux.fr\/index.php\/coop-escape-game\/galerapagos-2\/#galerapagos\">Galerapagos (de 3 \u00e0 12 joueurs)<\/a><\/p>\n<\/div><\/div>\n\n\n\n<div class=\"wp-block-media-text alignwide is-stacked-on-mobile\"><figure class=\"wp-block-media-text__media\"><a href=\"https:\/\/antidotejeux.fr\/index.php\/coop-escape-game\/the-game-2\/#game\"><img loading=\"lazy\" decoding=\"async\" width=\"768\" height=\"512\" src=\"https:\/\/antidotejeux.fr\/wp-content\/uploads\/2020\/11\/the-game.jpg\" alt=\"\" class=\"wp-image-513\" srcset=\"https:\/\/antidotejeux.fr\/wp-content\/uploads\/2020\/11\/the-game.jpg 768w, https:\/\/antidotejeux.fr\/wp-content\/uploads\/2020\/11\/the-game-300x200.jpg 300w\" sizes=\"auto, (max-width: 768px) 100vw, 768px\" \/><\/a><\/figure><div class=\"wp-block-media-text__content\">\n<p class=\"has-text-color has-large-font-size\" style=\"color:#1e3d59\"><a href=\"https:\/\/antidotejeux.fr\/index.php\/coop-escape-game\/the-game-2\/#game\">The game<\/a><\/p>\n<\/div><\/div>\n\n\n\n<div class=\"wp-block-media-text alignwide is-stacked-on-mobile\"><figure class=\"wp-block-media-text__media\"><a href=\"https:\/\/antidotejeux.fr\/index.php\/coop-escape-game\/the-mind\/#mind\"><img loading=\"lazy\" decoding=\"async\" width=\"300\" height=\"200\" src=\"https:\/\/antidotejeux.fr\/wp-content\/uploads\/2020\/11\/the-mind-small.jpg\" alt=\"\" class=\"wp-image-510\"\/><\/a><\/figure><div class=\"wp-block-media-text__content\">\n<p class=\"has-text-color has-large-font-size\" style=\"color:#1e3d59\"><a href=\"https:\/\/antidotejeux.fr\/index.php\/coop-escape-game\/the-mind\/#mind\">The mind<\/a><\/p>\n<\/div><\/div>\n\n\n\n<div class=\"wp-block-media-text alignwide is-stacked-on-mobile\"><figure class=\"wp-block-media-text__media\"><a href=\"https:\/\/antidotejeux.fr\/index.php\/coop-escape-game\/hanabi\/#hanabi\"><img loading=\"lazy\" decoding=\"async\" width=\"768\" height=\"512\" src=\"https:\/\/antidotejeux.fr\/wp-content\/uploads\/2020\/11\/hanabi.jpg\" alt=\"\" class=\"wp-image-467\" srcset=\"https:\/\/antidotejeux.fr\/wp-content\/uploads\/2020\/11\/hanabi.jpg 768w, https:\/\/antidotejeux.fr\/wp-content\/uploads\/2020\/11\/hanabi-300x200.jpg 300w\" sizes=\"auto, (max-width: 768px) 100vw, 768px\" \/><\/a><\/figure><div class=\"wp-block-media-text__content\">\n<p class=\"has-text-color has-large-font-size\" style=\"color:#1e3d59\"><a href=\"https:\/\/antidotejeux.fr\/index.php\/coop-escape-game\/hanabi\/#hanabi\" target=\"_blank\" rel=\"noreferrer noopener\">Hanabi<\/a><\/p>\n<\/div><\/div>\n\n\n\n<div class=\"wp-block-media-text alignwide is-stacked-on-mobile\"><figure class=\"wp-block-media-text__media\"><a href=\"https:\/\/antidotejeux.fr\/index.php\/ambiance\/unlock#unlock\"><img loading=\"lazy\" decoding=\"async\" width=\"768\" height=\"512\" src=\"https:\/\/antidotejeux.fr\/wp-content\/uploads\/2020\/11\/escape-game.jpg\" alt=\"\" class=\"wp-image-344\" srcset=\"https:\/\/antidotejeux.fr\/wp-content\/uploads\/2020\/11\/escape-game.jpg 768w, https:\/\/antidotejeux.fr\/wp-content\/uploads\/2020\/11\/escape-game-300x200.jpg 300w\" sizes=\"auto, (max-width: 768px) 100vw, 768px\" \/><\/a><\/figure><div class=\"wp-block-media-text__content\">\n<p class=\"has-text-color has-large-font-size\" style=\"color:#1e3d59\"><a href=\"https:\/\/antidotejeux.fr\/index.php\/ambiance\/unlock\/#unlock\" target=\"_blank\" rel=\"noreferrer noopener\">Unlock (escape game, 3 scenarios disponibles: A la poursuite du masque de fer, Exp\u00e9dition challenger, La nuit des croquemitaines)<\/a><\/p>\n<\/div><\/div>\n\n\n\n<div class=\"wp-block-media-text alignwide is-stacked-on-mobile\"><figure class=\"wp-block-media-text__media\"><\/figure><div class=\"wp-block-media-text__content\">\n<p class=\"has-large-font-size\"><a href=\"https:\/\/antidotejeux.fr\/index.php\/coop-escape-game\/magic-maze\/#maze\">Magic Maze<\/a><\/p>\n<\/div><\/div>\n\n\n\n<div class=\"wp-block-media-text alignwide is-stacked-on-mobile\"><figure class=\"wp-block-media-text__media\"><\/figure><div class=\"wp-block-media-text__content\">\n<p class=\"has-large-font-size\"><a href=\"https:\/\/antidotejeux.fr\/index.php\/coop-escape-game\/sherlock-holmes#sherlock\">Sherlock Holmes<\/a><\/p>\n<\/div><\/div>\n\n\n\n<div class=\"wp-block-media-text alignwide is-stacked-on-mobile\"><figure class=\"wp-block-media-text__media\"><\/figure><div class=\"wp-block-media-text__content\">\n<p class=\"has-large-font-size\"><a href=\"https:\/\/antidotejeux.fr\/index.php\/coop-escape-game\/mysterium\/#mysterium\">Mysterium<\/a><\/p>\n<\/div><\/div>\n\n\n\n<p><\/p>\n","protected":false},"excerpt":{"rendered":"<p>Il existe des jeux de coop\u00e9ration o\u00f9 on ne joue pas les uns contre les autres mais ensemble, en voici quelques-uns. Il est \u00e9galement possible de faire un escape game \u00e0 la maison gr\u00e2ce aux jeux Unlock (3 sc\u00e9narios sont<\/p>\n","protected":false},"author":1,"featured_media":0,"parent":0,"menu_order":0,"comment_status":"closed","ping_status":"closed","template":"","meta":{"footnotes":""},"class_list":["post-89","page","type-page","status-publish","hentry"],"_links":{"self":[{"href":"https:\/\/antidotejeux.fr\/index.php\/wp-json\/wp\/v2\/pages\/89","targetHints":{"allow":["GET"]}}],"collection":[{"href":"https:\/\/antidotejeux.fr\/index.php\/wp-json\/wp\/v2\/pages"}],"about":[{"href":"https:\/\/antidotejeux.fr\/index.php\/wp-json\/wp\/v2\/types\/page"}],"author":[{"embeddable":true,"href":"https:\/\/antidotejeux.fr\/index.php\/wp-json\/wp\/v2\/users\/1"}],"replies":[{"embeddable":true,"href":"https:\/\/antidotejeux.fr\/index.php\/wp-json\/wp\/v2\/comments?post=89"}],"version-history":[{"count":19,"href":"https:\/\/antidotejeux.fr\/index.php\/wp-json\/wp\/v2\/pages\/89\/revisions"}],"predecessor-version":[{"id":1012,"href":"https:\/\/antidotejeux.fr\/index.php\/wp-json\/wp\/v2\/pages\/89\/revisions\/1012"}],"wp:attachment":[{"href":"https:\/\/antidotejeux.fr\/index.php\/wp-json\/wp\/v2\/media?parent=89"}],"curies":[{"name":"wp","href":"https:\/\/api.w.org\/{rel}","templated":true}]}}