{"id":931,"date":"2020-12-07T19:17:09","date_gmt":"2020-12-07T18:17:09","guid":{"rendered":"http:\/\/antidotejeux.fr\/?page_id=931"},"modified":"2021-01-18T12:11:26","modified_gmt":"2021-01-18T11:11:26","slug":"when-i-dream","status":"publish","type":"page","link":"https:\/\/antidotejeux.fr\/index.php\/famille\/when-i-dream\/","title":{"rendered":"When I dream"},"content":{"rendered":"\n<p class=\"has-text-color\" id=\"when\" style=\"color:#1e3d59\">Dans When I dream, l&rsquo;un des joueurs incarne un r\u00eaveur; il doit alors deviner le maximum de mots. Mais pas facile car parmi les autres joueurs, certains incarnent la f\u00e9e et vont tenter de faire deviner le plus de mots au r\u00eaveur; mais il y a aussi le croque-mitaine qui lui veut que le r\u00eaveur devine le moins de mots possibles; et le marchand de sable essaye de faire en sorte que le r\u00eaveur devine autant de bons mots que de mauvais mots.<br>A la fin de la partie, le r\u00eaveur va raconter son r\u00eave aux autres.<\/p>\n\n\n\n<p class=\"has-text-color\" style=\"color:#1e3d59\">Un jeu original et po\u00e9tique !<\/p>\n\n\n\n<figure class=\"wp-block-table\"><table class=\"has-subtle-light-gray-background-color has-background\"><tbody><tr><td>Age<\/td><td>A partir de 8 ans<\/td><\/tr><tr><td>Nombre de joueurs<\/td><td>De 4 \u00e0 10 joueurs<\/td><\/tr><tr><td>Dur\u00e9e d&rsquo;une partie<\/td><td>30 minutes<\/td><\/tr><\/tbody><\/table><\/figure>\n\n\n\n<div class=\"wp-block-buttons is-layout-flex wp-block-buttons-is-layout-flex\">\n<div class=\"wp-block-button is-style-outline is-style-outline--1\"><a class=\"wp-block-button__link has-text-color has-background\" href=\"https:\/\/antidotejeux.fr\/index.php\/demande-de-location\/#loc\" style=\"background-color:#ffc13b;color:#1e3d59\" target=\"_blank\" rel=\"noreferrer noopener\">Louer<\/a><\/div>\n<\/div>\n","protected":false},"excerpt":{"rendered":"<p>Dans When I dream, l&rsquo;un des joueurs incarne un r\u00eaveur; il doit alors deviner le maximum de mots. Mais pas facile car parmi les autres joueurs, certains incarnent la f\u00e9e et vont tenter de faire deviner le plus de mots<\/p>\n","protected":false},"author":1,"featured_media":0,"parent":136,"menu_order":0,"comment_status":"closed","ping_status":"closed","template":"","meta":{"footnotes":""},"class_list":["post-931","page","type-page","status-publish","hentry"],"_links":{"self":[{"href":"https:\/\/antidotejeux.fr\/index.php\/wp-json\/wp\/v2\/pages\/931","targetHints":{"allow":["GET"]}}],"collection":[{"href":"https:\/\/antidotejeux.fr\/index.php\/wp-json\/wp\/v2\/pages"}],"about":[{"href":"https:\/\/antidotejeux.fr\/index.php\/wp-json\/wp\/v2\/types\/page"}],"author":[{"embeddable":true,"href":"https:\/\/antidotejeux.fr\/index.php\/wp-json\/wp\/v2\/users\/1"}],"replies":[{"embeddable":true,"href":"https:\/\/antidotejeux.fr\/index.php\/wp-json\/wp\/v2\/comments?post=931"}],"version-history":[{"count":7,"href":"https:\/\/antidotejeux.fr\/index.php\/wp-json\/wp\/v2\/pages\/931\/revisions"}],"predecessor-version":[{"id":1016,"href":"https:\/\/antidotejeux.fr\/index.php\/wp-json\/wp\/v2\/pages\/931\/revisions\/1016"}],"up":[{"embeddable":true,"href":"https:\/\/antidotejeux.fr\/index.php\/wp-json\/wp\/v2\/pages\/136"}],"wp:attachment":[{"href":"https:\/\/antidotejeux.fr\/index.php\/wp-json\/wp\/v2\/media?parent=931"}],"curies":[{"name":"wp","href":"https:\/\/api.w.org\/{rel}","templated":true}]}}