{"id":955,"date":"2020-12-07T19:36:54","date_gmt":"2020-12-07T18:36:54","guid":{"rendered":"http:\/\/antidotejeux.fr\/?page_id=955"},"modified":"2020-12-10T18:50:15","modified_gmt":"2020-12-10T17:50:15","slug":"les-colocs","status":"publish","type":"page","link":"https:\/\/antidotejeux.fr\/index.php\/ambiance\/les-colocs\/","title":{"rendered":"Les colocs"},"content":{"rendered":"\n<p id=\"colocs\">Les colocs est un jeu parodique de la vie en coloc dans lequel vous devez trouver un boulot au d\u00e9but de la partie puis d\u00e9pensez votre temps et votre argent pour accumuler des points de Glandouille.  <br>Un jeu fun assez similaire \u00e0 Munchkin pour ceux qui connaissent <\/p>\n\n\n\n<p class=\"has-text-color has-background\" style=\"background-color:#ffc13b;color:#1e3d59\">Jeu r\u00e9serv\u00e9 aux + de 18 ans!<\/p>\n\n\n\n<figure class=\"wp-block-table\"><table class=\"has-subtle-light-gray-background-color has-background\"><tbody><tr><td>Age<\/td><td>Jeu destin\u00e9 \u00e0 un public adulte! <\/td><\/tr><tr><td>Nombre de joueurs<\/td><td>De 2 \u00e0 5 joueurs<\/td><\/tr><tr><td>Dur\u00e9e d&rsquo;une partie<\/td><td>1 heure<\/td><\/tr><\/tbody><\/table><\/figure>\n\n\n\n<div class=\"wp-block-buttons is-layout-flex wp-block-buttons-is-layout-flex\">\n<div class=\"wp-block-button is-style-outline is-style-outline--1\"><a class=\"wp-block-button__link has-text-color has-background\" href=\"https:\/\/antidotejeux.fr\/index.php\/demande-de-location\/#loc\" style=\"background-color:#ffc13b;color:#1e3d59\" target=\"_blank\" rel=\"noreferrer noopener\">Louer<\/a><\/div>\n<\/div>\n","protected":false},"excerpt":{"rendered":"<p>Les colocs est un jeu parodique de la vie en coloc dans lequel vous devez trouver un boulot au d\u00e9but de la partie puis d\u00e9pensez votre temps et votre argent pour accumuler des points de Glandouille. Un jeu fun assez<\/p>\n","protected":false},"author":1,"featured_media":0,"parent":83,"menu_order":0,"comment_status":"closed","ping_status":"closed","template":"","meta":{"footnotes":""},"class_list":["post-955","page","type-page","status-publish","hentry"],"_links":{"self":[{"href":"https:\/\/antidotejeux.fr\/index.php\/wp-json\/wp\/v2\/pages\/955","targetHints":{"allow":["GET"]}}],"collection":[{"href":"https:\/\/antidotejeux.fr\/index.php\/wp-json\/wp\/v2\/pages"}],"about":[{"href":"https:\/\/antidotejeux.fr\/index.php\/wp-json\/wp\/v2\/types\/page"}],"author":[{"embeddable":true,"href":"https:\/\/antidotejeux.fr\/index.php\/wp-json\/wp\/v2\/users\/1"}],"replies":[{"embeddable":true,"href":"https:\/\/antidotejeux.fr\/index.php\/wp-json\/wp\/v2\/comments?post=955"}],"version-history":[{"count":5,"href":"https:\/\/antidotejeux.fr\/index.php\/wp-json\/wp\/v2\/pages\/955\/revisions"}],"predecessor-version":[{"id":976,"href":"https:\/\/antidotejeux.fr\/index.php\/wp-json\/wp\/v2\/pages\/955\/revisions\/976"}],"up":[{"embeddable":true,"href":"https:\/\/antidotejeux.fr\/index.php\/wp-json\/wp\/v2\/pages\/83"}],"wp:attachment":[{"href":"https:\/\/antidotejeux.fr\/index.php\/wp-json\/wp\/v2\/media?parent=955"}],"curies":[{"name":"wp","href":"https:\/\/api.w.org\/{rel}","templated":true}]}}